1 - -24. Suppose -10 = q + 4*q - 5*z, -i*z + 10 = -q. Let n(f) = -7*f - 1. Give n(q).
-15
Let g = -1 + 3/2. Let k(x) be the second derivative of -1/6*x**3 - 2*x + 1/2*x**2 + 0 + g*x**4. Determine k(1).
6
Let a(q) = -20*q**3 + 2 - 4*q**2 + 2*q + 11*q**3 + 10*q**3. Suppose -3*c - 2*c = -20. Suppose w + 4*f - 13 = 2*w, 4*w - 2*f = c. What is a(w)?
-1
Suppose -3*n = f - 0 + 5, -4*f + 3*n = 20. Let a(r) = -r**2 - 3*r + 5. Give a(f).
-5
Let w(u) = u**2 + 7. Suppose 0 = 3*j - b + 4, -4 = -2*j - b. Determine w(j).
7
Let g(l) = l**3 - 2*l + 2. Let y(k) = 5*k - 13. Let v(u) = 17 - 3*u - 6*u + 8. Let z(b) = 6*v(b) + 11*y(b). Let c be z(-5). Give g(c).
6
Suppose -f - 9 = 2*f. Let h(q) = -2*q**3 - q**2 - q + 3. Let t be (-1)/(((-2)/(-3))/(-2)). Let c(r) = -r**3 - r + 3. Let d(x) = t*c(x) - 2*h(x). Determine d(f).
-3
Let p(z) be the third derivative of z**4/24 - 2*z**3/3 + 3*z**2. Calculate p(-3).
-7
Let a(o) be the second derivative of 0 + 3/2*o**2 + 3*o - 1/6*o**3. Give a(5).
-2
Let b(u) = -3*u - 3 + u - 3*u + u**2. What is b(6)?
3
Let i(v) = 11 - 13 - 2*v + 8. What is i(8)?
-10
Let v(y) be the first derivative of y**3/3 - 3*y**2/2 + 2*y + 6. Give v(2).
0
Suppose 20 = 4*u + 2*l - 12, 5*u - 40 = l. Let h(x) = x - 2. Determine h(u).
6
Let h(r) be the second derivative of 1/2*r**3 + 2*r - 1/12*r**4 + 0 - 1/2*r**2. Let x = 4 + -3. Give h(x).
1
Suppose -a + 11 = 12. Let b(f) = -2*f**2 + 1. Determine b(a).
-1
Let r(c) = 0*c**2 + 6*c + 2*c - c**2 + 3. Let v be r(8). Let d(p) = 4*p + 1 - 3*p - v. Determine d(5).
3
Let p(q) = -q + 10. Let r be (-4)/14 - (-130)/14. Calculate p(r).
1
Let t be 0/((-4)/(-2)) - 3. Let s(r) be the second derivative of -r**5/20 - r**4/4 + r**3/2 + 2*r**2 - 29*r. Determine s(t).
-5
Let l = -8 + 13. Suppose -4*k - 6 = -2*k + 4*i, -6 = 4*k + l*i. Let n(c) = -9*c - 1. Calculate n(k).
-10
Let u = 506 + -507. Let g(x) be the first derivative of 5*x**2/2 + x + 1. Determine g(u).
-4
Let l(n) be the second derivative of -4*n + 1/3*n**4 - 7/6*n**3 + 0 + 1/20*n**5 - 1/2*n**2. Calculate l(-5).
9
Let k(f) = -f**3 + 3*f**2 + 3*f - 2. Let i = 53 + -50. Determine k(i).
7
Let k(a) be the first derivative of -a**2/2 + 4*a - 4. Let h = -2 - -7. Calculate k(h).
-1
Let p be 1*(-1 - -9)/2. Let t = -1 + p. Let j(k) = -k + 7. What is j(t)?
4
Let s(q) = -9*q - 14*q + 24*q - 1. Let f(k) = k**3 + 4*k**2 - 3*k + 5. Let y be f(-5). Let d be 2/(-7) + y/7. Calculate s(d).
-2
Suppose 2*q = -4*p - 14, 5*q - 3*p = 3*q. Let j(i) = i**2 - 4*i + 3. Let y be j(5). Let f = y + q. Let c(b) = b - 1. What is c(f)?
4
Suppose 5 = -t + 2*t. Let a be t*((-6)/(-10) + 0). Let f(i) = -i**3 + 4*i**2 - 3*i - 3. Give f(a).
-3
Let h = 9 + -11. Let r = h - -3. Let p be r/(6/(-9) - -1). Let i(f) = -f + 1. Calculate i(p).
-2
Let m be 225/50 - (-2)/4. Let x(g) = g**3 - 4*g**2 - 5*g + 7. Give x(m).
7
Let y(o) = 3*o**2 + 3*o + 40 - 39 - 5*o - 4*o**2. Calculate y(-2).
1
Suppose -c = 3*v + c + 8, v + 5*c + 20 = 0. Let i(b) = b - 7. Calculate i(v).
-7
Let y(p) = p**2 - 5*p. Let h = -35 - -42. What is y(h)?
14
Let n(a) = -a**3 - 5*a**2 - 5*a + 4. Let h(d) = -4*d**3 - 2*d**2 - 2*d + 3*d**3 + d. Let b be h(-2). Let c be (2 - 8) + 4/b. What is n(c)?
8
Let v(q) = q**3 - 3*q**2 - 4*q + 3. Suppose 5*s = 5*b - 20, -2*s + 2*b - 4*b = 4. Let k be -3*(-1)/(s + 2). Let n be (-8)/k*(-9)/(-6). Give v(n).
3
Let t = 0 - -2. Let a = t - -2. Let o(q) = 4*q - a*q - q + 1. Determine o(5).
-4
Let h(f) = -2*f**3 + 2*f**2 + 2. Let l be h(2). Let d = 4 + l. Let u(y) = -y**2 - 2*y. Give u(d).
0
Let q = 37 - 43. Let h(a) = a**3 + 7*a**2 + 8*a + 7. Give h(q).
-5
Let g(q) = 7*q. Let t(d) = 13*d. Let f be 12/(-2)*2/2. Let r(c) = f*t(c) + 11*g(c). What is r(-3)?
3
Let h(u) = -u**2 - 8*u - 3. Let v be (6/(-8))/((-9)/(-72)). Calculate h(v).
9
Let n(i) = -i + 6. Suppose -1 + 7 = -2*t. Let s be (-102)/(-18) + 2/t. Calculate n(s).
1
Let x(n) be the third derivative of 0*n - 7/6*n**3 - n**2 - 7/60*n**5 + 0 - 1/3*n**4 - 1/120*n**6. Calculate x(-6).
5
Suppose m = 5*x - 19, -9 = -2*x - 5*m + 4. Let l(t) = -3*t - 3*t + 3*t + 5*t + x. Give l(-5).
-6
Let g(v) = -4*v**2 - v**3 + 4*v - 5 + 6 + 1. Give g(-5).
7
Let i(d) = -d**3 - 5*d**2 - d - 3. Suppose -q + 4 = 2*m + q, q = -3*m + 8. Let s(g) = g**3 + 4*g**2 + g + 4. Let n(p) = m*i(p) + 2*s(p). Calculate n(-7).
6
Let m be 3 + 4/((-4)/1). Let w(o) = 6 - m*o - 10 + 0. Calculate w(-3).
2
Let r be 2 - (-3)/(2 + 1). Suppose -2*p = r*p. Let f(t) = -t**2 - t - 11. What is f(p)?
-11
Let s(i) = 6 + 55*i + 62*i - 119*i. Calculate s(5).
-4
Let n(i) = 2*i + 10. Let m(h) = 5*h + 29. Let u(y) = -3*m(y) + 8*n(y). Let a be (2/3)/(-1)*3. Let t be (-3*1)/(1 + a). What is u(t)?
-4
Let b(s) = 2*s - 21 + 18 - s**2 + 2*s**2. Let m(j) = j - 1. Let g(a) = -b(a) - 3*m(a). Let d = 5 + -10. Give g(d).
6
Let q be 5 + -1 + 6 + -6. Let j be 1*q*5/(-20). Let c(s) = -11*s**3 - 2*s**2 - 2*s - 1. Give c(j).
10
Suppose 0*c + 9 = 3*c. Let i(y) be the first derivative of -4 - 1 + 0 + c - y**2. Determine i(1).
-2
Let m(x) be the third derivative of -x**6/120 + 2*x**5/15 + x**3/2 + 51*x**2. Determine m(8).
3
Let s(b) be the third derivative of -b**6/60 + b**5/30 - b**4/24 + b**3/6 + b**2. Suppose -22 + 30 = 4*a. What is s(a)?
-9
Let p(b) be the second derivative of b**3/6 - b**2/2 - 7*b. Let j = -1 - 0. What is p(j)?
-2
Let z = 0 + 0. Let y(w) = z*w - w - 4*w**3 + 2*w**2 + 3*w**3 + 2. Suppose -c = -0*c - 3. Calculate y(c).
-10
Let o(s) = s**3 - 11*s**2 + 10*s + 4. Let n be o(10). Suppose 5*f - n = -19. Let h(p) = 2*p - 1. What is h(f)?
-7
Let g(m) = -m**2 + 7*m + 1. Let o(s) = -s**2 + 8*s + 1. Let i(q) = 4*g(q) - 3*o(q). Let w be 4/(-6) + (-14)/(-3). Determine i(w).
1
Suppose -2*d - 2*d = 20. Let q(b) be the second derivative of b**3/6 - 2*b**2 + b. Calculate q(d).
-9
Let c(a) be the first derivative of a**6/120 + a**5/60 - a**4/24 - 2*a**3/3 + 2*a**2 - 3. Let n(t) be the second derivative of c(t). Determine n(0).
-4
Let w(d) be the second derivative of 0*d**2 + 1/20*d**5 + 0*d**3 - d - 5/12*d**4 + 0. Suppose -3 - 2 = -q. Give w(q).
0
Let w(c) = -c**2 - 4*c + 10. Let p be w(-5). Let v(u) = u**3 - 6*u**2 + 5*u + 6. Give v(p).
6
Let f(y) = -3*y**2 + 2*y**2 - 2*y**2 + 4*y**2 + 6. Give f(0).
6
Let t(s) = 1 - 3*s**2 + 2*s - 3*s**2 + 0. Let v(n) = n**3 - 4*n**2 + 4*n - 4. Let z be 1/(-2) + (-7)/(-2). Let p be v(z). What is t(p)?
-7
Let n be (-66)/(-12) + 2/4. Let i(m) = m**2 - 5*m - 6. What is i(n)?
0
Let j be 28 + -1 - (-13 + 12). Let t(y) = -j + 50 - 22 - 10*y. Give t(-1).
10
Let u(l) = l**3 + 5*l**2 - 4*l + 7. Suppose m + 4 = 6. Let i = m + 5. Let v(y) = -y**3 + 8*y**2 - 8*y + 1. Let o be v(i). Give u(o).
-5
Let a(l) = -11*l - 1. Suppose 5*h - 12 = -d - 2*d, -3*h - 3*d + 12 = 0. Suppose h = 4*y + 3*p + 19, 3*p + p + 21 = -y. Determine a(y).
10
Let s(i) = 8 + 2*i - 11 + 2*i - 3*i. Determine s(5).
2
Let g be 4/2 + 2 + -1. Suppose 9 = 2*b + 7*s - 4*s, 3 = g*s. Let l(t) = t**2 + 11*t**3 + b - 6 - 2 + 4. Determine l(-1).
-11
Let w(p) = -p**3 + p - 2. Let l be w(-2). Suppose 0 = -3*b + l*b - 6. Let v(y) = y**3 - 6*y**2 + 8. Give v(b).
8
Suppose 3*j - 12 = -18. Let z(p) = p. What is z(j)?
-2
Let m = 841/15 + -56. Let b(i) be the third derivative of 0 + 0*i - 1/120*i**6 - 5/6*i**3 + 1/24*i**4 + 2*i**2 - m*i**5. Give b(-4).
-9
Suppose -3*b - 6 = -0. Let a = 0 - b. Let n(h) = -1 + 0*h**a + 0 + h**2. Calculate n(-3).
8
Let r(k) = -k - 3. Let q = 63 + -67. Determine r(q).
1
Let f(x) be the first derivative of -x**4/4 + 5*x**3/3 - 5*x**2/2 + x + 1. Give f(4).
-3
Let d(m) = -6*m. Let x = -5 - -4. Let s be d(x). Let u(a) = a**2 - 4*a - 7. Determine u(s).
5
Let j(i) = -53 - i - 55 - 62 + 169. Determine j(-4).
3
Let c(s) = s - 4. Let q(k) = 4*k - 15. Let d(f) = 22*c(f) - 6*q(f). Let n(m) = -4 + 3 + 4*m - 3*m. Let l be n(3). What is d(l)?
-2
Let y(i) be the second derivative of i**5/20 + 5*i**4/12 + i**3/3 + 3*i**2 - 2*i. Let v be y(-5). Let r(o) = 5*o**2 - 9*o**2 + 3*o**2 - 4 - 4*o. Determine r(v).
-4
Let l(a) = -4*a**3 + 0*a**2 - 4*a**2 + 4 + 3*a**3. Suppose -q + 2 - 1 = 0. Let o be 1 - 2*2/q. What is l(o)?
-5
Suppose 0 = -r + 5*r - 8. Let k(a) = 2*a**3 + 2*a**r + 2 - 3 - a + 0*a. What is k(-2)?
-7
Let l = -9 - -5. Let m be 2/l + (-7)/2. Let h(v) = 3*v - 2 - 4*v + 5. Determine h(m).
7
Let x(c) = 6*c + 6. Let w(q) be the second derivative of -7